{"id":2185,"date":"2021-12-14T17:16:55","date_gmt":"2021-12-14T17:16:55","guid":{"rendered":"https:\/\/www.cdnperfumes.com\/blog\/?page_id=2185"},"modified":"2021-12-14T17:16:55","modified_gmt":"2021-12-14T17:16:55","slug":"cdn-perfumes-club-de-perfumeria-online-24-horas","status":"publish","type":"page","link":"https:\/\/www.cdnperfumes.com\/blog\/","title":{"rendered":"CDN Perfumes: club de perfumer\u00eda online 24 horas"},"content":{"rendered":"<p><img loading=\"lazy\" decoding=\"async\" src=\"https:\/\/www.cdnperfumes.com\/blog\/wp-content\/themes\/breek\/assets\/images\/transparent.gif\" data-lazy=\"true\" data-src=\"https:\/\/www.cdnperfumes.com\/blog\/wp-content\/uploads\/2021\/12\/perfumes-club.jpg\" alt=\"Perfumes Club\" width=\"1507\" height=\"854\" class=\"alignnone size-full wp-image-2189\" data-srcset=\"https:\/\/www.cdnperfumes.com\/blog\/wp-content\/uploads\/2021\/12\/perfumes-club.jpg 1507w, https:\/\/www.cdnperfumes.com\/blog\/wp-content\/uploads\/2021\/12\/perfumes-club-300x170.jpg 300w, https:\/\/www.cdnperfumes.com\/blog\/wp-content\/uploads\/2021\/12\/perfumes-club-1024x580.jpg 1024w, https:\/\/www.cdnperfumes.com\/blog\/wp-content\/uploads\/2021\/12\/perfumes-club-768x435.jpg 768w, https:\/\/www.cdnperfumes.com\/blog\/wp-content\/uploads\/2021\/12\/perfumes-club-100x57.jpg 100w, https:\/\/www.cdnperfumes.com\/blog\/wp-content\/uploads\/2021\/12\/perfumes-club-700x397.jpg 700w\" data-sizes=\"auto, (max-width: 1507px) 100vw, 1507px\" \/><\/p>\n<p>Bienvenidos al blog de <strong>CDN Perfumes<\/strong>, una <strong>perfumer\u00eda online<\/strong> donde encontrar\u00e1s el m\u00e1s amplio cat\u00e1logo de marcas de perfumes y cosm\u00e9ticos. Un club de belleza 24 horas abierto para ti. <\/p>\n<p>Si eres cliente o clienta habitual de perfumer\u00edas con tiendas f\u00edsicas como Paco, Primor, Arenal, Douglas, Julia, Arenal, Avenida, Druni, Prieto, Laguna, El Corte Ingl\u00e9s, Ana, Aromas, Sabina, San Remo, VIP, Nadia, &#8230; te sorprender\u00e1 que en nuestra <a href=\"https:\/\/www.cdnperfumes.com\/\">tienda online<\/a> encontrar\u00e1s todos sus productos y muchos m\u00e1s. Pero lo mejor de todo, a precios muchos m\u00e1s baratos y entregas en un solo d\u00eda. <\/p>\n<h2>Marcas de perfumer\u00eda<\/h2>\n<p>Tenemos las mejores marcas de perfumer\u00eda m\u00e1s prestigiosas y vendidas en el mundo entre las que destacaremos a Chanel, Christian Dior, Calvin Klein, Giorgio Armani, Est\u00e9e Lauder, Hugo Boss, Yves Saint Laurent, Dolce &#038; Gabbana, Paco Rabanne, Elizabeth Arden, Carolina Herrera, Nina Ricci, Prada, Valentino, &#8230;<\/p>\n<p>Dentro de esas marcas, hay grupos como LVMH del cual sale <strong>Dior<\/strong> que tienes otros nombres comerciales como Kenzo, Loewe, Guerlain, Givenchy, Fendi, Pucci y Acqua di Parma. De <strong>Est\u00e9e Lauder<\/strong> tendr\u00edamos a Aramis, Clinique, Donna Karan, Jo Malone, Marni, Michael Kors, Tom Ford y Tommy Hilfiger<\/p>\n<p>Luego tenemos perfumes tan emblem\u00e1ticos como el <em>Chanel No. 5<\/em> creado en el a\u00f1o 1921 por la inolvidable Coco. De la misma marca tambi\u00e9n han salido productos que se han convertido en cl\u00e1sicos como <em>Coco Mademoiselle<\/em>, las diferentes versiones <em>Allure<\/em> para hombre o mujer, <em>Chanel Chance<\/em>,una de sus \u00faltimas incorporaciones Bleu o los cl\u00e1sicos <em>Antaeus<\/em> y <em>Egoiste<\/em>.<\/p>\n<p>Ya con el resto de marcas destacar\u00edamos los siguientes productos: <em>CK One<\/em> y <em>Eternity<\/em> por Calvin Klein, <em>Acqua di Gi\u00f2<\/em> de Armani, <em>Paco Rabanne Pour Homme<\/em>, etc. Por cierto, no nos olvidemos de las fragancias, m\u00e1s baratas y mucho m\u00e1s utilizadas<\/p>\n<p><img loading=\"lazy\" decoding=\"async\" src=\"https:\/\/www.cdnperfumes.com\/blog\/wp-content\/themes\/breek\/assets\/images\/transparent.gif\" data-lazy=\"true\" data-src=\"https:\/\/www.cdnperfumes.com\/blog\/wp-content\/uploads\/2021\/12\/marcas-de-perfumeria.jpg\" alt=\"Marcas de perfumer\u00eda\" width=\"1200\" height=\"800\" class=\"alignnone size-full wp-image-2215\" \/><\/p>\n<h2>Cosm\u00e9tica natural<\/h2>\n<p>Dentro de nuestro blog tratamos diferentes temas sobre los cosm\u00e9ticos pues es otro de los productos estrella de nuestro comercio, posiblemente la <strong>mejor tienda online en cosm\u00e9tica<\/strong>. Pero nos hemos especializado en la cosm\u00e9tica natural, y de las principales marcas que trabajan este producto. <\/p>\n<p>Nos podemos encontrar productos de estas empresas Natura, Kriim Natural, Armon\u00eda, M\u00e1dara, Weleda, Le Pure, Evolve Beauty, Dr. Hauschka, Juice Beauty, RMS, Handmade Beauty, etc. pero tambi\u00e9n hablamos sobre la <strong>cosm\u00e9tica natural casera<\/strong> o tiendas f\u00edsicas que visitar en ciudades de Espa\u00f1a como Barcelona o Madrid. <\/p>\n<p>Adem\u00e1s, con una sociedad cada d\u00eda m\u00e1s concienciada con la ecolog\u00eda, no pod\u00edamos obviar la cosm\u00e9tica org\u00e1nica, ecol\u00f3gica o biol\u00f3gica que adem\u00e1s son tratadas en diferentes cursos que patrocinamos ya que adem\u00e1s muchas de las empresas m\u00e1s importantes de esta gama son espa\u00f1olas.<\/p>\n<p>Obviamente tambi\u00e9n nos tenemos que centrar en los cosm\u00e9ticos convencionales, tanto faciales como corporales y entre ellos, podemos destacar estas marcas: Nars, Bobbi Brown, Clinique, L&#8217;Or\u00e9al, La Mer Cosmetics AG, K\u00e9rastase, Lanc\u00f4me, Charlotte Tilbury, Guerlain, Biotherm, Olay, Shiseido, Weleda, Bio Oil, NYX, Neutrogena, The Body Shop, etc.<\/p>\n<p><img loading=\"lazy\" decoding=\"async\" src=\"https:\/\/www.cdnperfumes.com\/blog\/wp-content\/themes\/breek\/assets\/images\/transparent.gif\" data-lazy=\"true\" data-src=\"https:\/\/www.cdnperfumes.com\/blog\/wp-content\/uploads\/2021\/12\/cosmetica-natural.jpg\" alt=\"Cosm\u00e9tica natural\" width=\"1200\" height=\"800\" class=\"alignnone size-full wp-image-2219\" data-srcset=\"https:\/\/www.cdnperfumes.com\/blog\/wp-content\/uploads\/2021\/12\/cosmetica-natural.jpg 1200w, https:\/\/www.cdnperfumes.com\/blog\/wp-content\/uploads\/2021\/12\/cosmetica-natural-300x200.jpg 300w, https:\/\/www.cdnperfumes.com\/blog\/wp-content\/uploads\/2021\/12\/cosmetica-natural-1024x683.jpg 1024w, https:\/\/www.cdnperfumes.com\/blog\/wp-content\/uploads\/2021\/12\/cosmetica-natural-768x512.jpg 768w, https:\/\/www.cdnperfumes.com\/blog\/wp-content\/uploads\/2021\/12\/cosmetica-natural-100x67.jpg 100w, https:\/\/www.cdnperfumes.com\/blog\/wp-content\/uploads\/2021\/12\/cosmetica-natural-675x450.jpg 675w\" data-sizes=\"auto, (max-width: 1200px) 100vw, 1200px\" \/><\/p>\n<h2>Maquillaje<\/h2>\n<p>No es que te vayamos a hacer un curso sobre como maquillar para Halloween o Catrinas de forma f\u00e1cil, que tambi\u00e9n, sino que queremos ser un referente en informaci\u00f3n sobre maquillaje. Empezando por las herramientas y accesorios como tocadores, organizadores, brochas, maletines, pinzas, esponjas, etc y productos como l\u00e1pices, delineadores, Khol, pintalabios, bases, correctores, polvos, bronceadores, iluminadores, coloretes, desmaquilladores etc.<\/p>\n<p>Tambi\u00e9n nos vamos a centrar en maquillajes sencillos para edad y g\u00e9nero, no es lo mismo maquillar a una mujer o una ni\u00f1a, por no decir a los hombres. Es muy distinto aunque se utilicen mismas t\u00e9cnicas. Y ya se sabe como cambia el aspecto, s\u00f3lo hay que ver las <strong>famosas sin maquillaje<\/strong> y en el caso de una novia es crucial porque esa imagen quedar\u00e1 grabada para siempre (los maquillajes para boda son de los m\u00e1s buscados en Internet).<\/p>\n<p>Tambi\u00e9n ofrecemos tutoriales por zonas de la cara como el maquillaje de ojos (no es lo mismo maquillar unos marrones que otros azules), para marcar p\u00f3mulos, los labios, rostro, etc. Por supuesto no nos olvidemos de las manos y las u\u00f1as. En resumen, si quieres ser una maquilladora, ya sabes a que blog recurrir.<\/p>\n<p>En cuanto a marcas, no somos mucho de las low cost como <strong>Mercadona<\/strong> o <strong>Lidl<\/strong> (aunque siempre se pueden encontrar cosas interesante en Makeup, no todas tienen que ser caras). Podemos destacar ahora mismos estas: Sephora, MAC, Maybelline Nueva York, Revlon, Margaret Astor, Rimmel London, Kiko, Essence, Bourjois Paris, Benecos, Max Factor  &#8230; A las que tenemos que a\u00f1adir las marcas que tambi\u00e9n tienen perfumes y cosm\u00e9ticos, dedicadas a la belleza.<\/p>\n<p>Entre algunas marcas <em>Cruelty Free<\/em> (que no testan con animales), nos encontramos con las siguientes: Urban Decay, Kat Von D Beauty, Lime Crime, Too Faced, Tarte Cosmetics, entre otras<\/p>\n<p><img loading=\"lazy\" decoding=\"async\" src=\"https:\/\/www.cdnperfumes.com\/blog\/wp-content\/themes\/breek\/assets\/images\/transparent.gif\" data-lazy=\"true\" data-src=\"https:\/\/www.cdnperfumes.com\/blog\/wp-content\/uploads\/2021\/12\/maquillaje.jpg\" alt=\"Maquillaje\" width=\"1200\" height=\"800\" class=\"alignnone size-full wp-image-2223\" data-srcset=\"https:\/\/www.cdnperfumes.com\/blog\/wp-content\/uploads\/2021\/12\/maquillaje.jpg 1200w, https:\/\/www.cdnperfumes.com\/blog\/wp-content\/uploads\/2021\/12\/maquillaje-300x200.jpg 300w, https:\/\/www.cdnperfumes.com\/blog\/wp-content\/uploads\/2021\/12\/maquillaje-1024x683.jpg 1024w, https:\/\/www.cdnperfumes.com\/blog\/wp-content\/uploads\/2021\/12\/maquillaje-768x512.jpg 768w, https:\/\/www.cdnperfumes.com\/blog\/wp-content\/uploads\/2021\/12\/maquillaje-100x67.jpg 100w, https:\/\/www.cdnperfumes.com\/blog\/wp-content\/uploads\/2021\/12\/maquillaje-675x450.jpg 675w\" data-sizes=\"auto, (max-width: 1200px) 100vw, 1200px\" \/><\/p>\n","protected":false},"excerpt":{"rendered":"<p>Bienvenidos al blog de CDN Perfumes, una perfumer\u00eda online donde encontrar\u00e1s el m\u00e1s amplio cat\u00e1logo de marcas de perfumes y cosm\u00e9ticos. Un club de belleza&#8230;<\/p>\n","protected":false},"author":1,"featured_media":2199,"parent":0,"menu_order":0,"comment_status":"closed","ping_status":"closed","template":"","meta":{"footnotes":""},"class_list":["post-2185","page","type-page","status-publish","has-post-thumbnail","hentry"],"acf":[],"_links":{"self":[{"href":"https:\/\/www.cdnperfumes.com\/blog\/wp-json\/wp\/v2\/pages\/2185","targetHints":{"allow":["GET"]}}],"collection":[{"href":"https:\/\/www.cdnperfumes.com\/blog\/wp-json\/wp\/v2\/pages"}],"about":[{"href":"https:\/\/www.cdnperfumes.com\/blog\/wp-json\/wp\/v2\/types\/page"}],"author":[{"embeddable":true,"href":"https:\/\/www.cdnperfumes.com\/blog\/wp-json\/wp\/v2\/users\/1"}],"replies":[{"embeddable":true,"href":"https:\/\/www.cdnperfumes.com\/blog\/wp-json\/wp\/v2\/comments?post=2185"}],"version-history":[{"count":0,"href":"https:\/\/www.cdnperfumes.com\/blog\/wp-json\/wp\/v2\/pages\/2185\/revisions"}],"wp:featuredmedia":[{"embeddable":true,"href":"https:\/\/www.cdnperfumes.com\/blog\/wp-json\/wp\/v2\/media\/2199"}],"wp:attachment":[{"href":"https:\/\/www.cdnperfumes.com\/blog\/wp-json\/wp\/v2\/media?parent=2185"}],"curies":[{"name":"wp","href":"https:\/\/api.w.org\/{rel}","templated":true}]}}